 of 8 + (-1 - 14 - -1)?
-6
Calculate 6 + (-3 - -10) + 2 + -18.
-3
Evaluate (-7 - (-4 - -4)) + 5 + -3.
-5
What is -4 + -7 + 3 - -6?
-2
1 + (2 - (7 - 6)) - 3
-1
What is the value of (2 + -1 - 5) + -1?
-5
Calculate -5 + -3 + 2 + 2.
-4
Calculate 4 - ((2 - 4) + (2 - -2)).
2
-2 - (-2 - -1 - (-2 - 0))
-3
What is 11 + (8 - (3 + 19))?
-3
(-2 - 0 - (-4 + 3)) + -2
-3
Calculate -7 + (10 - 7) - (-3 - -3).
-4
4 - (-5 + 1 + 10)
-2
Calculate 2 + (3 - (4 - -3)) - -3.
1
What is the value of 4 + (-14 + 7 - (-8 + 3))?
2
1 - (-20 + 21 + -2 + 0)
2
Calculate (3 - 1) + (-13 - -16) + 5.
10
What is the value of (225 - 215) + (0 - 1)?
9
(3 - 6) + (5 + -5 - 3)
-6
Calculate 8 + (-1 - 14) - -6.
-1
Evaluate 2 - (2 + 4 + -6).
2
What is the value of 2 + (-8 - (-3 + -8))?
5
What is the value of 1 - (-1 + 0) - (-7 + 7)?
2
What is -2 + 0 + (0 - -4) - -2?
4
1 - (-4 - -4 - -2) - -4
3
What is the value of -10 - -9 - (-2 + 2 + 0)?
-1
What is the value of 4 + -4 + -3 - -4?
1
What is the value of (4 - (1 + -2)) + -10?
-5
33 + -29 - (1 + -1)
4
-1 + -9 + 33 + -16
7
Calculate (-15 + 26 - (3 - -1)) + -4.
3
What is -6 + (2 - (6 + -2))?
-8
What is the value of (-5 - (-2 - -8)) + (6 - 1)?
-6
What is the value of -1 + -5 + 60 + -51 + 6?
9
What is the value of 12 - 6 - 8 - (7 - 2)?
-7
21 + -29 + (3 - -12)
7
What is 2 - (4 + -4 + 3)?
-1
Calculate (9 + -7 - -1) + -6.
-3
What is 2 - 8 - 6 - -21?
9
What is (-4 - (-3 + 0 - 3)) + 1?
3
What is the value of -17 + (-3 - -14) - (2 + 0)?
-8
-1 + 2 + 2 + -3 + 0
0
What is -2 + 8 + (-6 - -1) + 1?
2
-5 - (-2 + -17) - 10
4
3 - (-6 + 6 + 2)
1
What is the value of 3 - (2 + 1 + -1)?
1
Evaluate -7 - (4 + -2 + -5).
-4
Evaluate 0 + 16 + -9 - 3.
4
What is the value of 3 + -3 + 8 + -8?
0
What is the value of 10 + (10 - 10) - 12?
-2
What is (3 + 1 - -1) + 0?
5
Evaluate -7 + (8 - 5 - -1).
-3
-7 + 0 - ((20 - 1) + -27)
1
What is the value of -6 - 0 - (31 - 34)?
-3
(5 - 0) + (-7 - -5)
3
Evaluate (-8 - -19 - 3) + -2.
6
What is (-12 - 11) + 11 + 14?
2
(-6 - -8) + 2 + 0 + -1
3
0 + 9 - (254 - 243)
-2
What is the value of 0 + 2 + -3 + 0 - 3?
-4
What is the value of -5 - (-5 + 7) - -11?
4
Calculate (3 - (1 + 6)) + 3.
-1
Evaluate 0 + -3 + 1 + 0.
-2
-4 + 1 + -81 + 87
3
What is -5 + (7 - 3 - (1 - 2))?
0
What is -37 - -34 - (0 + (-1 - 7))?
5
What is 2 - 3 - (2 + -3 - 3)?
3
Calculate -2 + 7 + -6 + (-1 - -2).
0
-20 + 18 + -1 + 2
-1
3 + 1 + (1 - (-4 + 11))
-2
Evaluate 16 + -18 + 2 + 0 + 3.
3
What is the value of 68 + -64 + (0 - 8) + -1?
-5
Calculate (-1 - -3) + -1 - (0 + 5).
-4
Calculate (-2 - 0) + -1 + 1.
-2
Evaluate 2 + -1 - (4 - -1) - 4.
-8
Evaluate 10 - 9 - (0 + 2).
-1
-8 - (0 - -2 - (-21 - -21))
-10
-2 + 3 + -3 + 6
4
Calculate 6 + (-10 - -10) - 5.
1
Calculate 3 + -2 + (-3 - 1).
-3
Evaluate -4 - -1 - (25 + -28).
0
What is the value of ((-6 - -19) + -2 - 5) + -13?
-7
What is the value of (1 - 0) + 8 + -8 + -1?
0
What is (21 - 15) + (-1 - 4)?
1
76 - 87 - (-11 + -2)
2
What is the value of 1 + (-3 - (-3 + 2)) - -4?
3
Evaluate 3 + -1 + 0 + -1.
1
2 - (9 + (3 - 9) + 2)
-3
(0 - -1 - 6) + 5
0
What is the value of -5 + -2 + 11 + -5?
-1
What is the value of -12 + 12 + 1 + -1?
0
-1 - ((-3 - (2 + -5)) + 3)
-4
Evaluate (-8 - -10 - 5) + (7 - 3).
1
Evaluate 3 - 1 - (-24 - -28).
-2
Calculate -3 - (-3 + 0 + -19 + 19).
0
What is the value of -4 + (5 - (9 + -2))?
-6
What is the value of -9 + 7 - 7 - (-4 + 1)?
-6
-4 + 7 + (3 - 2) + -1
3
Evaluate -10 - (-7 - -1) - -4.
0
Evaluate 9 - -3 - 7 - 10.
-5
Calculate 7 + -1 + -3 + 0.
3
What is the value of (12 - 11) + -2 - -2?
1
What is -2 - ((1 - -2) + (-5 - -2))?
-2
What is the value of -4 + 1 + -6 + 8?
-1
What is (7 - (-1 - -7)) + (2 - 1)?
2
What is the value of -2 + 0 + 23 + -16?
5
What is the value of 0 - 2 - (-5 - (-9 - -1))?
-5
Calculate -20 + (31 - 9) - (10 - 0).
-8
What is the value of (4 - 3) + (0 - -4)?
5
What is (-1 - 0) + (-219 - -213)?
-7
What is -2 - (0 + (3 - 3) + 1)?
-3
Calculate -2 + 1 - (-11 + 7).
3
Calculate (8 + 2 - (-16 - -21)) + 5.
10
Evaluate (-6 - -4) + 2 + 1.
1
What is the value of (4 - (4 - 0) - -3) + 6?
9
What is the value of 0 + (-2 - (2 - 3)) - 3?
-4
What is the value of (31 - 30 - (1 + -6)) + -5?
1
Calculate 2 + -1 + -8 + 4 - -7.
4
1 + 2 - (-1 + 8 - 4)
0
-1 + (-3 - -1) - -3
0
-4 - (0 + -2) - -4
2
What is (-4 - 0 - -1) + -2?
-5
-2 - (7 - 6 - -2 - 3)
-2
-1 + 8 + -3 - (1 - 1)
4
1 + 2 - (-6 - (-3 - 3))
3
-8 + 4 + -8 + -1 + 3
-10
What is (2 - 10 - -1) + -10 + 14?
-3
-12 + 10 - (7 + -3 + 0)
-6
Evaluate -2 + 2 + (3 - 3) + -1.
-1
Evaluate -2 + (1 - (4 + -4 - -2)).
-3
What is the value of (-12 - -18) + (-4 - 3)?
-1
What is (7 - 16) + (6 - -9)?
6
Evaluate -6 + 1 - (-13 + 6).
2
What is 1 - (1 - 1) - 11 - -4?
-6
Evaluate 7 - (-1 - (0 - 4)).
4
What is (-3 - -3) + (5 - -3 - 6)?
2
What is the value of -11 + (1 - -7) + -4?
-7
What is the value of -11 - 14 - (-5 - 10)?
-10
What is 12 + (-13 - -6) + (-7 - 2)?
-4
(-1 - (-4 - -4)) + -1
-2
What is 6 - (-6 - -22) - -8?
-2
Evaluate -2 + (2 - 1) - (-7 - -12).
-6
What is the value of 2 + -5 + 3 + 2 + -3?
-1
What is the value of 2 + 4 + (1 - 6)?
1
1 + -7 + 5 + 5
4
Calculate 17 + -15 + (6 - -1).
9
0 - (0 - -6 - 5)
-1
1 - (0 + 0 + (1 - -2))
-2
What is (-3 - 6) + 8 - (-8 - 0)?
7
Evaluate 6 + 0 - (-44 - -45) - -2.
7
(-6 - -4 - (-4 + 1)) + 6
7
Evaluate (-28 - -24) + (-1 - -5).
0
Calculate 2 - (-1 - -3 - 7 - -3).
4
What is the value of 1 - 3 - (-3 + 11 - 10)?
0
What is 6 + -4 - (10 + (-1 - 3))?
-4
Calculate -1 + 0 + -7 + (5 - 1).
-4
Evaluate -7 - (-5 + 4 - 11).
5
-5 - (-4 - (-1 + 8 - 5))
1
Calculate 0 + (-2 - 0 - (-8 - -3)).
3
Evaluate 14 - (1 + 8 - 1).
6
Evaluate 0 + -3 + -2 + 7.
2
Calculate 4 + (-6 - (-3 - 0)) - 5.
-4
Evaluate (15 - 24) + (3 - -1).
-5
What is (-9 - -15) + (-1 - 0)?
5
What is -4 + -1 - (2 + -7)?
0
What is (2 - 1) + (1 - 4) + -3?
-5
What is the value of -7 - (2 + (0 - 2) - 2)?
-5
Calculate 2 + -1 + 0 + 1.
2
-1 - (3 + -9) - (8 + 4)
-7
What is the value of 8 + -10 + 7 + -14?
-9
What is the value of (-1 - 0) + 15 + -17?
-3
Calculate 0 - 19 - (1 + (-5 - 4)).
-11
What is 3 - (-10 - -5) - (6 + -6)?
8
Calculate -1 + 4 + -4 + 3.
2
What is the value of (1 - 1 - (-12 - -13)) + -4?
-5
3 + 4 + -4 - 0
3
What is -9 + 15 + (-10 - 2)?
-6
Evaluate -1 - (7 - (6 - 0)).
-2
What is the value of 103 - 108 - (-4 + 0 + -1)?
0
What is the value of (-6 - (5 + -7)) + 3?
-1
Evaluate (-5 - -9) + 4 + (-20 - -3).
-9
Evaluate -6 - (-2 - (1 - 0)).
-3
What is -5 + -1 + -1 + 4 + 1?
-2
Calculate 7 + (-5 + 9 - 6).
5
Evaluate -8 - (-4 + -1 + (8 - 8)).
-3
Evaluate -1 - (-1 + (-4 - -8)).
-4
Calculate 1 - -1 - 4 - 3 - -3.
-2
Evaluate -8 + 0 - (73 - 78).
-3
What is -2 + 4 - 7 - -4 - 3?
-4
What is the value of 1 - (-1 + 7 + -2)?
-3
Evaluate 3 - (-4 + 0 + -4 + 8).
3
Calculate (-3 - (1 + 0)) + -1.
-5
Calculate -3 + (3 + -2 - -7).
5
Calculate (5 - 0 - -6) + -7 - -5.
9
Evaluate 6 - 13 - (-21 + 15).
-1
Evaluate 3 - (2 + 5 - 2).
-2
6 - 1 - (6 - (10 + -6))
3
What is -8 - (-4 + 0) - (-4 - 3)?
3
What is 6 - (-3 - (-8 - -2))?
3
8 + -6 - (2 + -3 + 4)
-1
What is the value of 0 + -1 + -3 + 1?
-3
Calculate 10 + -16 + -1 + -1.
-8
What is 28 + -11 + -2 - 7?
8
Evaluate 14 - (15 + 1 + -10).
8
What is the value of -7 + 3 + (3 - -3)?
2
Evaluate 39 + -39 - (0 - -5).
-5
Calculate -1 + -1 - (-3 - -5).
-4
Calculate (-46 - -38) + (2 - (-1 - -3)).
-8
What is the value of -1 - -6 - 2 - -1 - 2?
2
What is -18 + 20 + (3 - -1)?
6
Calculate -3 + 1 + -1 - 0.
-3
What is 10 + -1 - (-22 + 7 - -22)?
2
Calculate -4 - (1 - (-8 - -14)).
1
What is (4 - (6 - 5) - 1) + 8?
10
Calculate (-5 - (5 + -10)) + -1.
-1
Evaluate -6 + (-3 - (-2 + -3)).
-4
-1 + 2 + (-2 - 3)
-4
What is the value of 5 + -8 + -3 + 4 + -1?
-3
Calculate 7 + (-2 - 5) + (3 - 7).
-4
Calculate 10 + -4 + -5 - 5.
-4
Evaluate -10 + -1 - (152 + -162).
-1
Calculate 9 - (3 - (4 + -8 - -3)).
5
Evaluate 37 + -28 + (2 - 11).
0
Calculate -6 - (-3 + -2 + 4).
-5
What is the value of -4 - (4 - (3 + 0 - -2))?
-3
1 - (-3 - (10 - (12 + -5)))
7
-6 + 0 + (0 - -1)
-5
Calculate 5 + -7 - (-3 - (-1 - -1)).
1
Evaluate -5 - -11 - (-1 - 3 - -3).
7
What is 1 - 1 - (-37 - -36)?
1
85 - 87 - (-3 + -4)
5
Evaluate (-8 - -9) + -3 + 5 + -4.
-1
-3 + (-9 - (8 - (13 + -4)))
-11
Calculate 2 + -10 + (15 - 10) - -7.
4
What is the value of (-2 - (0 + 1)) + (8 - 6)?
-1
Evaluate 0 - (2 - ((-4 - -13) + -4)).
3
What is the value of -11 + (9 + -4 - (-16 + 